{"id":17,"date":"2020-02-22T14:55:54","date_gmt":"2020-02-22T13:55:54","guid":{"rendered":"http:\/\/amandinesergeant.be\/?page_id=17"},"modified":"2020-02-26T21:34:59","modified_gmt":"2020-02-26T20:34:59","slug":"bienvenue","status":"publish","type":"page","link":"https:\/\/amandinesergeant.be\/","title":{"rendered":"Bienvenue"},"content":{"rendered":"\n<div class=\"wp-block-group\"><div class=\"wp-block-group__inner-container is-layout-flow wp-block-group-is-layout-flow\">\n<figure class=\"wp-block-pullquote is-style-default\"><blockquote class=\"has-text-color has-cyan-bluish-gray-color\"><p>&#8220;Il y a une infinit\u00e9 de chemins pour r\u00e9ussir. A toi de trouver celui qui te correspond le mieux.&#8221;<\/p><\/blockquote><\/figure>\n<\/div><\/div>\n\n\n\n<p>Passionn\u00e9e par le monde scolaire et professionnel, je m&#8217;int\u00e9resse depuis longtemps \u00e0 toutes les th\u00e9matiques li\u00e9es \u00e0 ces domaines, et plus particuli\u00e8rement \u00e0 la (r\u00e9)orientation scolaire et professionnelle, au d\u00e9crochage scolaire, au harc\u00e8lement et \u00e0 l&#8217;\u00e9puisement professionnel. <\/p>\n\n\n\n<p>Si vous \u00eates arriv\u00e9s sur ce site, vous \u00eates probablement int\u00e9ress\u00e9s ou concern\u00e9es par l&#8217;une d&#8217;entre elles. Je vous invite donc \u00e0 d\u00e9couvrir, au fil des pages, ma philosophie et mon approche bienveillante en tant que <strong>psychologue clinicienne<\/strong> et <strong>conseill\u00e8re en orientation<\/strong>. Vous trouverez \u00e9galement des informations concernant les diff\u00e9rents accompagnements que je peux vous proposer. <\/p>\n\n\n\n<p>Pour tout renseignement compl\u00e9mentaire, contactez-moi, je serai ravie de vous r\u00e9pondre ! <\/p>\n\n\n\n<p>Joyeuse d\u00e9couverte \ud83d\ude4f\u2728\ud83c\udf40<\/p>\n","protected":false},"excerpt":{"rendered":"<p>&#8220;Il y a une infinit\u00e9 de chemins pour r\u00e9ussir. A toi de trouver celui qui te correspond le mieux.&#8221; Passionn\u00e9e par le monde scolaire et professionnel, je m&#8217;int\u00e9resse depuis longtemps \u00e0 toutes les th\u00e9matiques li\u00e9es \u00e0 ces domaines, et plus particuli\u00e8rement \u00e0 la (r\u00e9)orientation scolaire [&hellip;]<\/p>\n","protected":false},"author":1,"featured_media":0,"parent":0,"menu_order":0,"comment_status":"closed","ping_status":"closed","template":"","meta":{"footnotes":""},"class_list":["post-17","page","type-page","status-publish","hentry"],"_links":{"self":[{"href":"https:\/\/amandinesergeant.be\/index.php\/wp-json\/wp\/v2\/pages\/17","targetHints":{"allow":["GET"]}}],"collection":[{"href":"https:\/\/amandinesergeant.be\/index.php\/wp-json\/wp\/v2\/pages"}],"about":[{"href":"https:\/\/amandinesergeant.be\/index.php\/wp-json\/wp\/v2\/types\/page"}],"author":[{"embeddable":true,"href":"https:\/\/amandinesergeant.be\/index.php\/wp-json\/wp\/v2\/users\/1"}],"replies":[{"embeddable":true,"href":"https:\/\/amandinesergeant.be\/index.php\/wp-json\/wp\/v2\/comments?post=17"}],"version-history":[{"count":16,"href":"https:\/\/amandinesergeant.be\/index.php\/wp-json\/wp\/v2\/pages\/17\/revisions"}],"predecessor-version":[{"id":99,"href":"https:\/\/amandinesergeant.be\/index.php\/wp-json\/wp\/v2\/pages\/17\/revisions\/99"}],"wp:attachment":[{"href":"https:\/\/amandinesergeant.be\/index.php\/wp-json\/wp\/v2\/media?parent=17"}],"curies":[{"name":"wp","href":"https:\/\/api.w.org\/{rel}","templated":true}]}}